 33. Suppose -k*i + 190 = -13*i. What are the prime factors of i?
5, 19
Let x = 8707 - -945. List the prime factors of x.
2, 19, 127
Suppose 11 = -8*u - 5. Let t be (-35790)/(-75) + u/10. List the prime factors of -2 - (t/(-3) + -2).
3, 53
Let u(t) = -6*t**2 - t - 4. Let f be u(-4). Suppose 3081 - 155 = 19*a. Let x = a + f. What are the prime factors of x?
2, 29
What are the prime factors of 14*(-7 + 3 - -183)?
2, 7, 179
Let a(o) = 2*o**2 - 2*o + 142. Let b be (-4)/(-5)*105/(-14) + 6. What are the prime factors of a(b)?
2, 71
Let w = 355 - 350. Suppose -q - 1387 = -4*r + 1366, w*r = -q + 3439. List the prime factors of r.
2, 43
Let u(m) = -m**3 + 24*m**2 - 78*m - 18. Let x be u(13). Suppose -10*w + 323 = -x. List the prime factors of w.
5, 23
Let n be 0 + 6 - 6 - -3. Suppose 5*w = -5*g + 1015, n*g - 469 = w + 156. What are the prime factors of g?
3, 23
Let m be 76236/96 - (-4)/(-32). Let g = -417 + m. What are the prime factors of g?
13, 29
Let w = 63 - 16. Let r be 0 + (89 - (-25)/(-5)). Let o = r - w. List the prime factors of o.
37
Suppose -38 = -2*x - 3*n + 47, -3*x - 3*n + 123 = 0. Let g be (-7)/(-21)*(-1 - x/(-2)). What are the prime factors of 394/g + 8/(-12)?
5, 13
Let i(o) = o**2 - o. Let q(n) = -4*n**2 - n - 7. Let d(k) = -5*i(k) - q(k). Let m be d(6). Suppose -m*b + 11*b = 268. List the prime factors of b.
67
Suppose -899*u = 2*d - 901*u - 67640, 3*d + u = 101480. List the prime factors of d.
3, 5, 11, 41
Let c = 128 - 126. Suppose c*m - 3720 = -4*m. List the prime factors of m.
2, 5, 31
Let c be -1 + (191/2 - 9/6). Let l = -51 + 218. Let x = l - c. What are the prime factors of x?
2, 37
Let i(s) = -12 + 22 - 35 - 81*s - 22. What are the prime factors of i(-10)?
7, 109
Let b(o) = 2*o**2 + 19*o + 16. Let h(y) be the second derivative of -y**5/10 + y**4/4 + y**3/2 + y**2/2 + 35*y. Let g be h(3). List the prime factors of b(g).
271
Let c(o) = 52*o**3 + 2*o**2 + 43*o - 237. List the prime factors of c(8).
3, 7, 1279
Let o = -3325 + 7686. List the prime factors of o.
7, 89
Suppose h + 1863 = 4*h. Suppose 4*g + h = 2133. List the prime factors of g.
2, 3, 7
Suppose -8*a - 111640 = 2*a. Let j be 8/(-14) - a/(-14). List the prime factors of (10/(-6))/(14/j).
5, 19
What are the prime factors of 1281/(15 - 31806/2124)?
2, 7, 59, 61
Let l(r) = 67*r**2 - 32*r - 304. List the prime factors of l(-14).
2, 3319
Suppose z = -2*q - 3*q - 40, -3*q = 2*z + 31. Let y(h) = -h**2 - 9*h + 8. Let c be y(q). Let b = 64 - c. What are the prime factors of b?
2, 3, 7
Suppose 9*m - 176 = m. Suppose -57 + m = -5*q. Suppose 0 = q*n - 370 - 610. List the prime factors of n.
2, 5, 7
Suppose -3*t = k + 7, 6*k + 20 = -4*t + 2*k. Let l = t - -5. What are the prime factors of (0 - (l - 5))*85?
5, 17
Suppose r = c - 1, -15 = -4*c - r - 6. Suppose c*w - 302 - 608 = 3*d, 0 = w - 5*d - 441. List the prime factors of w.
461
Let t(o) = 49*o - 11. Let c = -54 + 50. Let h be t(c). Let f = 313 + h. What are the prime factors of f?
2, 53
Suppose 14395 - 23925 = -24*n + 29182. What are the prime factors of n?
1613
Suppose 4*y - 18 = 2*y. Let r be (-240)/(-135) + 2/y. Suppose 5*d = -u + 360, r*d - 259 = -2*d + 5*u. What are the prime factors of d?
71
Suppose 0 = -3*t + 3*z + 31071, 5*t - 54*z + 52*z = 51782. What are the prime factors of t?
2, 3, 863
Let f(r) = r**2 + r - 1. Suppose 3*j = 2*j + 5, -8 = g - j. Let i be f(g). Suppose i*v - 60 - 585 = 0. List the prime factors of v.
3, 43
Let f be -503 + -4 + 6 + 0. What are the prime factors of (-10)/4*32/(-20) - f?
5, 101
Suppose 61*w - 3886 = -1324. Suppose 46*o - 7412 = w*o. What are the prime factors of o?
17, 109
Let v be ((-1)/(-1)*8)/(24/12). Let m be -1 + -10*(2 - 10/v). Suppose -3*o - 81 = -m*o. What are the prime factors of o?
3
List the prime factors of (-7 - 171/(-18))*(56686/10 - 1).
3, 4723
Let j(q) = 12*q + 5. Let f be j(6). Suppose 28 = -7*c + f. Suppose 0 = c*g + g - 40. What are the prime factors of g?
5
Suppose 0 = -20*h + 24*h - 2*y - 950, 713 = 3*h - 2*y. Let v = 276 - h. List the prime factors of v.
3, 13
Suppose 2*n + 5*r = 6*r + 25169, 12572 = n + 2*r. What are the prime factors of n?
2, 3, 233
Let s be (0 + (-8)/10)*5/2. List the prime factors of 234 + ((-8)/12)/(s/6).
2, 59
Suppose 0*k = 3*k - 2*p - 20, 5*k = -5*p + 25. Suppose k*u - 3875 = u. What are the prime factors of u?
5, 31
Let v(t) = -36*t**3 + t + 1. Let r be v(-1). Suppose -3*y + 136 = -5*n, -5*n - 52 = 3*y - 4*y. Let j = y - r. List the prime factors of j.
2, 3
Let f(l) = -3*l**2 + 16. Let w be f(0). Suppose 0 = -w*z + 1775 + 1457. List the prime factors of z.
2, 101
Let f = -9341 + 14986. What are the prime factors of f?
5, 1129
Suppose -o - 3*i + 0*i - 14 = 0, 3*o = i + 8. Let m be o/2*4 + (-8)/(-1). What are the prime factors of 2/(-10) - ((-4518)/m)/9?
2, 5
Let r(y) = y**3 + 5*y**2 - 25*y - 3. Let t be r(-8). Suppose 3*o - 2360 = -4*f + 6*f, -o + t*f + 804 = 0. List the prime factors of o.
2, 7
Let m be 4/18 + (-442)/(-117). Suppose -10*f - 1218 = -11*f - 5*a, m*f - 4932 = -5*a. What are the prime factors of f?
2, 619
Let t = -6907 + 11862. List the prime factors of t.
5, 991
Let g = 13814 + -6170. List the prime factors of g.
2, 3, 7, 13
Suppose 4*q + 4*f - 28188 = 0, -3*f = 47*q - 49*q + 14074. What are the prime factors of q?
7043
What are the prime factors of -24 + (-1322111)/(-70) + 3/(-10)?
13, 1451
Let r(x) = x**3 + 9*x**2 - 7*x + 17. Let m be r(9). Suppose m = -23*t + 27*t. List the prime factors of t.
353
Suppose -3*x - 3*g = -39828, 5*g = 4*x + g - 53152. List the prime factors of x.
2, 29, 229
Suppose -209325 = -33*q + 28*q + 5*v, -4*q - v + 167465 = 0. What are the prime factors of q?
2, 11, 173
Let p = 2 + 1. Let h(s) = 6*s + 16. Let u be h(p). Let y = u - -14. What are the prime factors of y?
2, 3
Let p = -7 - -9. Let v be (2/p)/(4 + -3 - 2). Let j(y) = -120*y - 2. List the prime factors of j(v).
2, 59
Let v(f) = 5*f + 17. Let o be v(-7). What are the prime factors of (1 - -697)*(-9)/o?
349
Suppose 0 = 2*j - z - 33327, 3*j - 49992 = -105*z + 107*z. List the prime factors of j.
2, 3, 2777
Let q(p) = -5*p**2 + 11*p - 20. Let m be q(6). Let y = -46 - m. What are the prime factors of 0/(-2) + y + -2?
2, 43
Suppose 3*w + 2*j = 26, 3*j + 46 = -57*w + 61*w. Let m(t) = -t**2 - 8*t. Let g be m(-10). List the prime factors of (-5678)/g + w/100.
2, 71
Let y(r) = -3*r**3 + 5*r**2 - 8*r + 7. Let d be y(-9). Suppose d = 8*z - 1345. List the prime factors of z.
2, 251
Let f = -2716 - -4250. List the prime factors of f.
2, 13, 59
Let w be (-81)/(-15) + 2/(-5). Suppose w*o - 1219 + 24 = 0. List the prime factors of o.
239
Let d(p) = -364*p**2 - 6*p + 7. Let b be d(2). Let l = b - -2174. List the prime factors of l.
23, 31
Let u(z) = 18*z**2 - 4*z. Let t be u(6). Let s = 4214 - 4214. Suppose s*n - 3*n = -t. What are the prime factors of n?
2, 13
Let h(j) = -7*j + 84. Let r be h(10). List the prime factors of (3/r)/((-18)/(-4680))*7.
2, 3, 5, 13
Let b(l) = 853*l**2 - 33*l - 32. List the prime factors of b(4).
2, 3371
Let j(l) = -l**3 + 3*l**2 + 4*l - 5. Let o(m) = -6*m + 33. Let w be o(5). Let i be -3*(-1)/(w/(-4)). List the prime factors of j(i).
7, 13
Suppose -141 = -4*m - 2*u + 171, -4*u - 8 = 0. Let o = m - 47. Suppose 0 = -3*v - o + 164. What are the prime factors of v?
2, 11
Let p = -56 - -20. Let i = 24 + p. List the prime factors of (63/i)/(6/(-80)).
2, 5, 7
Let b = 11478 - 3021. What are the prime factors of b?
3, 2819
Let t = 149 - 144. Suppose 0 = -t*k - 3*b + 3796, 3*b + b = -5*k + 3793. What are the prime factors of k?
761
Let q(c) = -57*c**3 + 37*c + 107. List the prime factors of q(-6).
12197
Suppose 3 = -4*v + 3*v. Let o(s) = 5*s + 77. Let y be o(-15). What are the prime factors of 1/((v + y)*2/(-262))?
131
Suppose 3132*h + 101682 = 3159*h. List the prime factors of h.
2, 7, 269
Suppose 3*w + y - 20 = 0, -w - 4*y - 9 = -34. Suppose 0 = -4*u + w*a + 7441, -2*u + 3764 = 5*a + 81. What are the prime factors of u?
2, 3, 103
Suppose 2*m = 14*m + 888. Suppose 0 = 5*t - 20*t + 1575. Let y = t - m. List the prime factors of y.
179
Suppose 0*q - 12*q + 128129 = 5*q. What are the prime factors of q?
7537
Let m(w) = 794*w + 9464. List the prime factors of m(79).
2, 5, 7219
List the prime factors of (12442 - -12)*4 + 14/(-2).
3, 16603
Sup